{"id":275,"date":"2011-05-16T18:30:22","date_gmt":"2011-05-16T18:30:22","guid":{"rendered":"http:\/\/jaktbild.se\/?page_id=275"},"modified":"2011-05-16T18:31:43","modified_gmt":"2011-05-16T18:31:43","slug":"kontakt","status":"publish","type":"page","link":"https:\/\/jaktbild.se\/?page_id=275","title":{"rendered":"Kontakt"},"content":{"rendered":"<p>Vill Ni ha kontakt n\u00e5s jag enklast p\u00e5 telefon + 46 070 588 6779<\/p>\n<p>eller p\u00e5 mail<\/p>\n<p>Mikael.grennard@unicornia.se<\/p>\n","protected":false},"excerpt":{"rendered":"<p>Vill Ni ha kontakt n\u00e5s jag enklast p\u00e5 telefon + 46 070 588 6779 eller p\u00e5 mail Mikael.grennard@unicornia.se<\/p>\n","protected":false},"author":2,"featured_media":0,"parent":0,"menu_order":0,"comment_status":"open","ping_status":"open","template":"","meta":[],"_links":{"self":[{"href":"https:\/\/jaktbild.se\/index.php?rest_route=\/wp\/v2\/pages\/275"}],"collection":[{"href":"https:\/\/jaktbild.se\/index.php?rest_route=\/wp\/v2\/pages"}],"about":[{"href":"https:\/\/jaktbild.se\/index.php?rest_route=\/wp\/v2\/types\/page"}],"author":[{"embeddable":true,"href":"https:\/\/jaktbild.se\/index.php?rest_route=\/wp\/v2\/users\/2"}],"replies":[{"embeddable":true,"href":"https:\/\/jaktbild.se\/index.php?rest_route=%2Fwp%2Fv2%2Fcomments&post=275"}],"version-history":[{"count":2,"href":"https:\/\/jaktbild.se\/index.php?rest_route=\/wp\/v2\/pages\/275\/revisions"}],"predecessor-version":[{"id":278,"href":"https:\/\/jaktbild.se\/index.php?rest_route=\/wp\/v2\/pages\/275\/revisions\/278"}],"wp:attachment":[{"href":"https:\/\/jaktbild.se\/index.php?rest_route=%2Fwp%2Fv2%2Fmedia&parent=275"}],"curies":[{"name":"wp","href":"https:\/\/api.w.org\/{rel}","templated":true}]}}